[INFO] cloning repository https://github.com/Veetaha/rust-analyzer-float-parsing-panic-reproduction
[INFO] running `Command { std: "git" "-c" "credential.helper=" "-c" "credential.helper=/workspace/cargo-home/bin/git-credential-null" "clone" "--bare" "https://github.com/Veetaha/rust-analyzer-float-parsing-panic-reproduction" "/workspace/cache/git-repos/https%3A%2F%2Fgithub.com%2FVeetaha%2Frust-analyzer-float-parsing-panic-reproduction", kill_on_drop: false }`
[INFO] [stderr] Cloning into bare repository '/workspace/cache/git-repos/https%3A%2F%2Fgithub.com%2FVeetaha%2Frust-analyzer-float-parsing-panic-reproduction'...
[INFO] running `Command { std: "git" "rev-parse" "HEAD", kill_on_drop: false }`
[INFO] [stdout] 8eae649a2ce31fd3ffbb4ff8ce5646ea694b55a0
[INFO] checking Veetaha/rust-analyzer-float-parsing-panic-reproduction against master#e6e4f7ed1589e03bc2f6c5931c1a72e7947e8682 for beta-170-4
[INFO] running `Command { std: "git" "clone" "/workspace/cache/git-repos/https%3A%2F%2Fgithub.com%2FVeetaha%2Frust-analyzer-float-parsing-panic-reproduction" "/workspace/builds/worker-1-tc2/source", kill_on_drop: false }`
[INFO] [stderr] Cloning into '/workspace/builds/worker-1-tc2/source'...
[INFO] [stderr] done.
[INFO] validating manifest of git repo https://github.com/Veetaha/rust-analyzer-float-parsing-panic-reproduction on toolchain e6e4f7ed1589e03bc2f6c5931c1a72e7947e8682
[INFO] running `Command { std: CARGO_HOME="/workspace/cargo-home" RUSTUP_HOME="/workspace/rustup-home" "/workspace/cargo-home/bin/cargo" "+e6e4f7ed1589e03bc2f6c5931c1a72e7947e8682" "metadata" "--manifest-path" "Cargo.toml" "--no-deps", kill_on_drop: false }`
[INFO] started tweaking git repo https://github.com/Veetaha/rust-analyzer-float-parsing-panic-reproduction
[INFO] finished tweaking git repo https://github.com/Veetaha/rust-analyzer-float-parsing-panic-reproduction
[INFO] tweaked toml for git repo https://github.com/Veetaha/rust-analyzer-float-parsing-panic-reproduction written to /workspace/builds/worker-1-tc2/source/Cargo.toml
[INFO] crate git repo https://github.com/Veetaha/rust-analyzer-float-parsing-panic-reproduction already has a lockfile, it will not be regenerated
[INFO] running `Command { std: CARGO_HOME="/workspace/cargo-home" RUSTUP_HOME="/workspace/rustup-home" "/workspace/cargo-home/bin/cargo" "+e6e4f7ed1589e03bc2f6c5931c1a72e7947e8682" "fetch" "--manifest-path" "Cargo.toml", kill_on_drop: false }`
[INFO] running `Command { std: "docker" "create" "-v" "/var/lib/crater-agent-workspace/builds/worker-1-tc2/target:/opt/rustwide/target:rw,Z" "-v" "/var/lib/crater-agent-workspace/builds/worker-1-tc2/source:/opt/rustwide/workdir:ro,Z" "-v" "/var/lib/crater-agent-workspace/cargo-home:/opt/rustwide/cargo-home:ro,Z" "-v" "/var/lib/crater-agent-workspace/rustup-home:/opt/rustwide/rustup-home:ro,Z" "-e" "SOURCE_DIR=/opt/rustwide/workdir" "-e" "CARGO_TARGET_DIR=/opt/rustwide/target" "-e" "CARGO_HOME=/opt/rustwide/cargo-home" "-e" "RUSTUP_HOME=/opt/rustwide/rustup-home" "-w" "/opt/rustwide/workdir" "-m" "1610612736" "--user" "0:0" "--network" "none" "ghcr.io/rust-lang/crates-build-env/linux@sha256:5ff2268d62e97bff2cde7d5815dd6ed5b47097566f13b8d0ca110b04b60e07ed" "/opt/rustwide/cargo-home/bin/cargo" "+e6e4f7ed1589e03bc2f6c5931c1a72e7947e8682" "metadata" "--no-deps" "--format-version=1", kill_on_drop: false }`
[INFO] [stdout] a99510d4d752deadbfd4aada4a3dccca175004965e386982103084f1c367f78b
[INFO] running `Command { std: "docker" "start" "-a" "a99510d4d752deadbfd4aada4a3dccca175004965e386982103084f1c367f78b", kill_on_drop: false }`
[INFO] running `Command { std: "docker" "inspect" "a99510d4d752deadbfd4aada4a3dccca175004965e386982103084f1c367f78b", kill_on_drop: false }`
[INFO] running `Command { std: "docker" "rm" "-f" "a99510d4d752deadbfd4aada4a3dccca175004965e386982103084f1c367f78b", kill_on_drop: false }`
[INFO] [stdout] a99510d4d752deadbfd4aada4a3dccca175004965e386982103084f1c367f78b
[INFO] running `Command { std: "docker" "create" "-v" "/var/lib/crater-agent-workspace/builds/worker-1-tc2/target:/opt/rustwide/target:rw,Z" "-v" "/var/lib/crater-agent-workspace/builds/worker-1-tc2/source:/opt/rustwide/workdir:ro,Z" "-v" "/var/lib/crater-agent-workspace/cargo-home:/opt/rustwide/cargo-home:ro,Z" "-v" "/var/lib/crater-agent-workspace/rustup-home:/opt/rustwide/rustup-home:ro,Z" "-e" "SOURCE_DIR=/opt/rustwide/workdir" "-e" "CARGO_TARGET_DIR=/opt/rustwide/target" "-e" "CARGO_INCREMENTAL=0" "-e" "RUST_BACKTRACE=full" "-e" "RUSTFLAGS=--cap-lints=forbid" "-e" "RUSTDOCFLAGS=--cap-lints=forbid" "-e" "CARGO_HOME=/opt/rustwide/cargo-home" "-e" "RUSTUP_HOME=/opt/rustwide/rustup-home" "-w" "/opt/rustwide/workdir" "-m" "1610612736" "--user" "0:0" "--network" "none" "ghcr.io/rust-lang/crates-build-env/linux@sha256:5ff2268d62e97bff2cde7d5815dd6ed5b47097566f13b8d0ca110b04b60e07ed" "/opt/rustwide/cargo-home/bin/cargo" "+e6e4f7ed1589e03bc2f6c5931c1a72e7947e8682" "check" "--frozen" "--all" "--all-targets" "--message-format=json", kill_on_drop: false }`
[INFO] [stdout] 24ebebdf6bf9d6f989676899a6c464188d38b46e6fc5b0535565b6251186aadf
[INFO] running `Command { std: "docker" "start" "-a" "24ebebdf6bf9d6f989676899a6c464188d38b46e6fc5b0535565b6251186aadf", kill_on_drop: false }`
[INFO] [stderr]    Compiling proc-macro2 v1.0.38
[INFO] [stderr]    Compiling unicode-xid v0.2.3
[INFO] [stderr]    Compiling syn v1.0.93
[INFO] [stderr]    Compiling async-trait v0.1.53
[INFO] [stderr]    Compiling quote v1.0.18
[INFO] [stderr]     Checking ra-float-parsting-repro v0.1.0 (/opt/rustwide/workdir)
[INFO] [stdout] error[E0405]: cannot find trait `Foo` in this scope
[INFO] [stdout]  --> src/included.rs:2:6
[INFO] [stdout]   |
[INFO] [stdout] 2 | impl Foo for WrapBj {
[INFO] [stdout]   |      ^^^ not found in this scope
[INFO] [stdout] 
[INFO] [stdout] 
[INFO] [stdout] error[E0405]: cannot find trait `Foo` in this scope
[INFO] [stdout]  --> src/included.rs:2:6
[INFO] [stdout]   |
[INFO] [stdout] 2 | impl Foo for WrapBj {
[INFO] [stdout]   |      ^^^ not found in this scope
[INFO] [stdout] 
[INFO] [stdout] 
[INFO] [stdout] error[E0412]: cannot find type `WrapBj` in this scope
[INFO] [stdout]  --> src/included.rs:2:14
[INFO] [stdout]   |
[INFO] [stdout] 2 | impl Foo for WrapBj {
[INFO] [stdout]   |              ^^^^^^ not found in this scope
[INFO] [stdout] 
[INFO] [stdout] 
[INFO] [stdout] error[E0412]: cannot find type `WrapBj` in this scope
[INFO] [stdout]  --> src/included.rs:2:14
[INFO] [stdout]   |
[INFO] [stdout] 2 | impl Foo for WrapBj {
[INFO] [stdout]   |              ^^^^^^ not found in this scope
[INFO] [stdout] 
[INFO] [stdout] 
[INFO] [stdout] error: aborting due to 2 previous errors
[INFO] [stdout] 
[INFO] [stdout] 
[INFO] [stdout] error: aborting due to 2 previous errors
[INFO] [stdout] 
[INFO] [stdout] 
[INFO] [stdout] Some errors have detailed explanations: E0405, E0412.
[INFO] [stdout] 
[INFO] [stdout] Some errors have detailed explanations: E0405, E0412.
[INFO] [stdout] 
[INFO] [stdout] For more information about an error, try `rustc --explain E0405`.
[INFO] [stdout] 
[INFO] [stdout] For more information about an error, try `rustc --explain E0405`.
[INFO] [stdout] 
[INFO] [stderr] error: could not compile `ra-float-parsting-repro` (lib test) due to 3 previous errors
[INFO] [stderr] warning: build failed, waiting for other jobs to finish...
[INFO] [stderr] error: could not compile `ra-float-parsting-repro` (lib) due to 3 previous errors
[INFO] running `Command { std: "docker" "inspect" "24ebebdf6bf9d6f989676899a6c464188d38b46e6fc5b0535565b6251186aadf", kill_on_drop: false }`
[INFO] running `Command { std: "docker" "rm" "-f" "24ebebdf6bf9d6f989676899a6c464188d38b46e6fc5b0535565b6251186aadf", kill_on_drop: false }`
[INFO] [stdout] 24ebebdf6bf9d6f989676899a6c464188d38b46e6fc5b0535565b6251186aadf
